{"id":4064,"date":"2025-08-15T15:09:34","date_gmt":"2025-08-15T18:09:34","guid":{"rendered":"https:\/\/www.luminarterapias.com.br\/loja\/?post_type=product&#038;p=4064"},"modified":"2025-08-23T14:18:35","modified_gmt":"2025-08-23T17:18:35","slug":"sem-ansiedade-difusor-de-ambientes","status":"publish","type":"product","link":"https:\/\/www.luminarterapias.com.br\/loja\/produto\/sem-ansiedade-difusor-de-ambientes","title":{"rendered":"Sem Ansiedade- Difusor de Ambientes"},"content":{"rendered":"<p><strong>Sem Ansiedade<\/strong> \u00e9 um Blend de \u00f3leos essenciais elaborado para voc\u00ea usar no seu Difusor de Ambientes sempre que bater aquele nervosismo.<\/p>\n<p>Elaborado com \u00f3leos essenciais 100% naturais de Ol\u00edbano, Bergamota e Ylang Ylang \u00e9 perfeito para momentos em que voc\u00ea quer desligar dos pensamentos repetitivos, da ansiedade e tristeza.<\/p>\n<p><strong>Benef\u00edcios:<\/strong><\/p>\n<p><strong>Ol\u00edbano<\/strong> \u2013 Traz sensa\u00e7\u00e3o de calma profunda e estabilidade emocional, ajudando a desacelerar a mente e reduzir preocupa\u00e7\u00f5es excessivas. Favorece respira\u00e7\u00e3o mais lenta e profunda, o que alivia a tens\u00e3o.<\/p>\n<p>&nbsp;<\/p>\n<p><strong>Bergamota<\/strong> \u2013 Eleva o humor e diminui a sensa\u00e7\u00e3o de opress\u00e3o mental, ajudando a combater estresse e nervosismo. Possui aroma c\u00edtrico suave que acalma e, ao mesmo tempo, d\u00e1 leveza emocional.<\/p>\n<p><strong>Ylang Ylang<\/strong> \u2013 Reduz a agita\u00e7\u00e3o e promove relaxamento f\u00edsico e mental, ajudando a equilibrar emo\u00e7\u00f5es. Tamb\u00e9m harmoniza batimentos card\u00edacos acelerados relacionados \u00e0 ansiedade.<\/p>\n<p>&nbsp;<\/p>\n<p><strong>Modo de usar<\/strong>: Utilize algumas gotinhas do Blend no seu difusor el\u00e9trico.<\/p>\n<p><strong>Precau\u00e7\u00f5es<\/strong>: N\u00e3o \u00e9 necess\u00e1rio um tempo prolongado para sentir os benef\u00edcios.<br \/>\nSe for usar ao dormir, programe o tempo para at\u00e9 1 hora.<\/p>\n","protected":false},"excerpt":{"rendered":"<p>Sem Ansiedade \u00e9 um Blend de \u00f3leos essenciais elaborado para voc\u00ea usar no seu Difusor de Ambientes sempre que bater aquele nervosismo. Elaborado com \u00f3leos essenciais 100% naturais de Ol\u00edbano, Bergamota e Ylang Ylang \u00e9 perfeito para momentos em que voc\u00ea quer desligar dos pensamentos repetitivos, da ansiedade e tristeza. Benef\u00edcios: Ol\u00edbano \u2013 Traz sensa\u00e7\u00e3o [&hellip;]<\/p>\n","protected":false},"featured_media":4022,"comment_status":"open","ping_status":"closed","template":"","meta":{"_acf_changed":false},"product_brand":[],"product_cat":[201,182,235,199],"product_tag":[],"class_list":{"0":"post-4064","1":"product","2":"type-product","3":"status-publish","4":"has-post-thumbnail","6":"product_cat-ansiedade","7":"product_cat-aromaterapia","8":"product_cat-difusores-ambientes","9":"product_cat-emocional","11":"first","12":"instock","13":"shipping-taxable","14":"purchasable","15":"product-type-simple"},"acf":[],"_links":{"self":[{"href":"https:\/\/www.luminarterapias.com.br\/loja\/wp-json\/wp\/v2\/product\/4064","targetHints":{"allow":["GET"]}}],"collection":[{"href":"https:\/\/www.luminarterapias.com.br\/loja\/wp-json\/wp\/v2\/product"}],"about":[{"href":"https:\/\/www.luminarterapias.com.br\/loja\/wp-json\/wp\/v2\/types\/product"}],"replies":[{"embeddable":true,"href":"https:\/\/www.luminarterapias.com.br\/loja\/wp-json\/wp\/v2\/comments?post=4064"}],"wp:featuredmedia":[{"embeddable":true,"href":"https:\/\/www.luminarterapias.com.br\/loja\/wp-json\/wp\/v2\/media\/4022"}],"wp:attachment":[{"href":"https:\/\/www.luminarterapias.com.br\/loja\/wp-json\/wp\/v2\/media?parent=4064"}],"wp:term":[{"taxonomy":"product_brand","embeddable":true,"href":"https:\/\/www.luminarterapias.com.br\/loja\/wp-json\/wp\/v2\/product_brand?post=4064"},{"taxonomy":"product_cat","embeddable":true,"href":"https:\/\/www.luminarterapias.com.br\/loja\/wp-json\/wp\/v2\/product_cat?post=4064"},{"taxonomy":"product_tag","embeddable":true,"href":"https:\/\/www.luminarterapias.com.br\/loja\/wp-json\/wp\/v2\/product_tag?post=4064"}],"curies":[{"name":"wp","href":"https:\/\/api.w.org\/{rel}","templated":true}]}}