{"id":3939,"date":"2024-11-15T22:17:16","date_gmt":"2024-11-16T01:17:16","guid":{"rendered":"https:\/\/www.luminarterapias.com.br\/loja\/?post_type=product&#038;p=3939"},"modified":"2025-08-18T11:59:32","modified_gmt":"2025-08-18T14:59:32","slug":"3939","status":"publish","type":"product","link":"https:\/\/www.luminarterapias.com.br\/loja\/produto\/3939","title":{"rendered":"Chakra Frontal (Ajna)"},"content":{"rendered":"<p>Criamos essa linha especialmente para <strong>harmonizar<\/strong> estes 7 <strong>grandes pontos de energia<\/strong> do nosso corpo!\u00a0Cada \u00f3leo essencial foi pensado e escolhido cuidadosamente para fortalecer os <strong>Chakras<\/strong>. Isso porque, em desequil\u00edbrio, esses pontos podem mudar completamente a nossa energia e nosso f\u00edsico, mental, emocional e espiritual ficar uma bagun\u00e7a!<\/p>\n<p>&nbsp;<\/p>\n<p><strong>O que s\u00e3o Chakras?<\/strong><\/p>\n<p>Os chakras s\u00e3o <strong>centros de energia<\/strong> no corpo humano que regulam o fluxo de <strong>energia vita<\/strong>l. Cada um dos sete chakras principais est\u00e1 associado a uma \u00e1rea espec\u00edfica do corpo e aspectos emocionais, f\u00edsicos e espirituais. Quando est\u00e3o em equil\u00edbrio, promovem bem-estar e harmonia. Em desequil\u00edbrio, podem causar bloqueios emocionais, desconfortos f\u00edsicos e falta de energia.<\/p>\n<p>&nbsp;<\/p>\n<p><strong>Chakra Frontal \u00a0(Ajna, em s\u00e2nscrito<\/strong>)<\/p>\n<p>Localizado <strong>entre as sobrancelhas,<\/strong> \u00e9 o centro da intui\u00e7\u00e3o e sabedoria.<\/p>\n<p>&nbsp;<\/p>\n<p>Quando em <strong>equil\u00edbrio:<\/strong> Favorece a intui\u00e7\u00e3o, concentra\u00e7\u00e3o e vis\u00e3o clara.<\/p>\n<p>&nbsp;<\/p>\n<p>Quando em <strong>desequil\u00edbrio:<\/strong> Pode gerar confus\u00e3o mental, falta de foco ou dificuldade de tomar decis\u00f5es.<\/p>\n<p>&nbsp;<\/p>\n<p><strong>Blend Chakra Frontal<\/strong><\/p>\n<p>&nbsp;<\/p>\n<p><strong>Rollon Terap\u00eautico<\/strong>\u00a0f\u00e1cil de aplicar e com um aroma que acalma e revigora.<\/p>\n<p>&nbsp;<\/p>\n<p><strong>Composi\u00e7\u00e3o:<\/strong> \u00d3leos essenciais de Lavanda, Ol\u00edbano, Lim\u00e3o Siciliano e \u00f3leo vegetal de coco fracionado.<\/p>\n<p>&nbsp;<\/p>\n<p><strong>Benef\u00edcios:<\/strong> Estimula a intui\u00e7\u00e3o e clareza mental.<\/p>\n<p>&nbsp;<\/p>\n<p><strong>Modo de usar:<\/strong> Aplique na testa (entre as sobrancelhas) ou em outros pontos de energia, como p\u00e9s, pulsos, nuca, t\u00eamporas. Coloque na m\u00e3o e inale sempre que precisar ampliar suas ideias, se abrir ao novo.<\/p>\n<p>&nbsp;<\/p>\n<p><em>( Tome sempre cuidado com os olhos ao aplicar. Blend fotossens\u00edvel. N\u00e3o se exponha ao sol depois da aplica\u00e7\u00e3o.<\/em><\/p>\n<p>&nbsp;<\/p>\n<p>\ud83d\udc9c <strong>100% natural, vegano e artesanal<\/strong><\/p>\n","protected":false},"excerpt":{"rendered":"<p>Criamos essa linha especialmente para harmonizar estes 7 grandes pontos de energia do nosso corpo!\u00a0Cada \u00f3leo essencial foi pensado e escolhido cuidadosamente para fortalecer os Chakras. Isso porque, em desequil\u00edbrio, esses pontos podem mudar completamente a nossa energia e nosso f\u00edsico, mental, emocional e espiritual ficar uma bagun\u00e7a! &nbsp; O que s\u00e3o Chakras? Os chakras [&hellip;]<\/p>\n","protected":false},"featured_media":3924,"comment_status":"open","ping_status":"closed","template":"","meta":{"_acf_changed":false},"product_brand":[],"product_cat":[182,195],"product_tag":[236],"class_list":{"0":"post-3939","1":"product","2":"type-product","3":"status-publish","4":"has-post-thumbnail","6":"product_cat-aromaterapia","7":"product_cat-blends","8":"product_tag-sinergia-dos-7-chakras","10":"first","11":"instock","12":"sale","13":"shipping-taxable","14":"purchasable","15":"product-type-simple"},"acf":[],"_links":{"self":[{"href":"https:\/\/www.luminarterapias.com.br\/loja\/wp-json\/wp\/v2\/product\/3939","targetHints":{"allow":["GET"]}}],"collection":[{"href":"https:\/\/www.luminarterapias.com.br\/loja\/wp-json\/wp\/v2\/product"}],"about":[{"href":"https:\/\/www.luminarterapias.com.br\/loja\/wp-json\/wp\/v2\/types\/product"}],"replies":[{"embeddable":true,"href":"https:\/\/www.luminarterapias.com.br\/loja\/wp-json\/wp\/v2\/comments?post=3939"}],"wp:featuredmedia":[{"embeddable":true,"href":"https:\/\/www.luminarterapias.com.br\/loja\/wp-json\/wp\/v2\/media\/3924"}],"wp:attachment":[{"href":"https:\/\/www.luminarterapias.com.br\/loja\/wp-json\/wp\/v2\/media?parent=3939"}],"wp:term":[{"taxonomy":"product_brand","embeddable":true,"href":"https:\/\/www.luminarterapias.com.br\/loja\/wp-json\/wp\/v2\/product_brand?post=3939"},{"taxonomy":"product_cat","embeddable":true,"href":"https:\/\/www.luminarterapias.com.br\/loja\/wp-json\/wp\/v2\/product_cat?post=3939"},{"taxonomy":"product_tag","embeddable":true,"href":"https:\/\/www.luminarterapias.com.br\/loja\/wp-json\/wp\/v2\/product_tag?post=3939"}],"curies":[{"name":"wp","href":"https:\/\/api.w.org\/{rel}","templated":true}]}}