{"id":3351,"date":"2024-06-25T08:48:05","date_gmt":"2024-06-25T11:48:05","guid":{"rendered":"https:\/\/www.luminarterapias.com.br\/loja\/produto\/floral-spray-amor-60mlfloral-equilibrio-do-medroso-10ml"},"modified":"2026-03-13T21:16:49","modified_gmt":"2026-03-14T00:16:49","slug":"floral-spray-amor-60mlfloral-equilibrio-do-medroso-10ml","status":"publish","type":"product","link":"https:\/\/www.luminarterapias.com.br\/loja\/produto\/floral-spray-amor-60mlfloral-equilibrio-do-medroso-10ml","title":{"rendered":"Floral Spray Amor 60ml+Floral Equil\u00edbrio do Medroso 10ml"},"content":{"rendered":"<p>Esta duplinha \u00e9 incr\u00edvel pra quem quer se jogar no amor, mas tem medo por causa de traumas e antigas rela\u00e7\u00f5es.<\/p>\n<p><strong>O Spray Amor 60ml <\/strong>\u00e9 perfeito pra quem quer abrir o cora\u00e7\u00e3o e sentir o amor na plenitude, sem medos e traumas. Este Floral traz compreens\u00e3o, discernimento, prop\u00f3sito, prud\u00eancia e paci\u00eancia e equilibra energias negativas como: indecis\u00e3o, falta de comunica\u00e7\u00e3o, medo, ego\u00edsmo.<\/p>\n<p>O Spray do Amor est\u00e1 ligado ao quarto Chacra, o card\u00edaco e \u00e9 excelente para atrair a energia do amor na sua plenitude e grandiosidade.<\/p>\n<p><strong>Equil\u00edbrio do Medroso 10 ml\u00a0<\/strong>\u00e9 perfeito pra quem quer equilibras as energias que paralisam e impedem de viver. Este Floral encoraja voc\u00ea a resgatar sua for\u00e7a interior.<\/p>\n<p><span style=\"color: #800080;\">Para potencializar os benef\u00edcios dos Florais, \u00e9 s\u00f3 colocar uma inten\u00e7\u00e3o ao usar.\u00a0<\/span><\/p>\n<p><em>Na Luminar, nossos Florais s\u00e3o elaborados com as ess\u00eancias vibracionais dos Golfinhos Curadores, que trazem in\u00fameros benef\u00edcios para a vida emocional, mental, energ\u00e9tica e espiritual.\u00a0<\/em><\/p>\n","protected":false},"excerpt":{"rendered":"<p>Esta duplinha \u00e9 incr\u00edvel pra quem quer se jogar no amor, mas tem medo por causa de traumas e antigas rela\u00e7\u00f5es. O Spray Amor 60ml \u00e9 perfeito pra quem quer abrir o cora\u00e7\u00e3o e sentir o amor na plenitude, sem medos e traumas. Este Floral traz compreens\u00e3o, discernimento, prop\u00f3sito, prud\u00eancia e paci\u00eancia e equilibra energias [&hellip;]<\/p>\n","protected":false},"featured_media":3508,"comment_status":"open","ping_status":"closed","template":"","meta":{"_acf_changed":false},"product_brand":[],"product_cat":[225,215,207,224,208],"product_tag":[],"class_list":{"0":"post-3351","1":"product","2":"type-product","3":"status-publish","4":"has-post-thumbnail","6":"product_cat-duplinhas-de-sucesso","7":"product_cat-autoconfianca","8":"product_cat-medos","9":"product_cat-solucao-oral","10":"product_cat-infantil","12":"first","13":"onbackorder","14":"sale","15":"shipping-taxable","16":"purchasable","17":"product-type-simple"},"acf":[],"_links":{"self":[{"href":"https:\/\/www.luminarterapias.com.br\/loja\/wp-json\/wp\/v2\/product\/3351","targetHints":{"allow":["GET"]}}],"collection":[{"href":"https:\/\/www.luminarterapias.com.br\/loja\/wp-json\/wp\/v2\/product"}],"about":[{"href":"https:\/\/www.luminarterapias.com.br\/loja\/wp-json\/wp\/v2\/types\/product"}],"replies":[{"embeddable":true,"href":"https:\/\/www.luminarterapias.com.br\/loja\/wp-json\/wp\/v2\/comments?post=3351"}],"wp:featuredmedia":[{"embeddable":true,"href":"https:\/\/www.luminarterapias.com.br\/loja\/wp-json\/wp\/v2\/media\/3508"}],"wp:attachment":[{"href":"https:\/\/www.luminarterapias.com.br\/loja\/wp-json\/wp\/v2\/media?parent=3351"}],"wp:term":[{"taxonomy":"product_brand","embeddable":true,"href":"https:\/\/www.luminarterapias.com.br\/loja\/wp-json\/wp\/v2\/product_brand?post=3351"},{"taxonomy":"product_cat","embeddable":true,"href":"https:\/\/www.luminarterapias.com.br\/loja\/wp-json\/wp\/v2\/product_cat?post=3351"},{"taxonomy":"product_tag","embeddable":true,"href":"https:\/\/www.luminarterapias.com.br\/loja\/wp-json\/wp\/v2\/product_tag?post=3351"}],"curies":[{"name":"wp","href":"https:\/\/api.w.org\/{rel}","templated":true}]}}