{"id":3349,"date":"2024-06-25T08:48:02","date_gmt":"2024-06-25T11:48:02","guid":{"rendered":"https:\/\/www.luminarterapias.com.br\/loja\/produto\/spray-aromaterapeutico-calmatranquilidade-100ml-floral-equilibrio-do-ansioso"},"modified":"2024-09-23T20:15:29","modified_gmt":"2024-09-23T23:15:29","slug":"spray-aromaterapeutico-calmatranquilidade-100ml-floral-equilibrio-do-ansioso","status":"publish","type":"product","link":"https:\/\/www.luminarterapias.com.br\/loja\/produto\/spray-aromaterapeutico-calmatranquilidade-100ml-floral-equilibrio-do-ansioso","title":{"rendered":"Calma&#038;Tranquilidade 100ml+ Floral Equil\u00edbrio do Ansioso 10ml"},"content":{"rendered":"<p>Esta Duplinha de Sucesso \u00e9 perfeita pra dar aquela segurada na emo\u00e7\u00e3o e aquietar os pensamentos que n\u00e3o param de chegar.<\/p>\n<p><strong>Spray Aromaterap\u00eautico Calma &amp; Tranquilidade\u00a0(100ml)<\/strong> \u00e9 ideal para acalmar, trazer seguran\u00e7a, tranquilidade e deixar qualquer ambiente mais agrad\u00e1vel.<\/p>\n<p>Na Luminar, nossos Sprays Aromaterap\u00eauticos s\u00e3o feitos com hidrolatos, conhecidos como \u00e1guas florais. S\u00e3o produtos obtidos pelo processo de destila\u00e7\u00e3o \u00e0 vapor usado para extrair \u00f3leos essenciais das plantas. Contem propriedades terap\u00eauticas das plantas de uma forma suave e segura para aplica\u00e7\u00e3o diretamente na pele.<\/p>\n<p>O Spray Aromaterap\u00eautico Calma&amp;Tranquilidade combina os benef\u00edcios calmantes da <strong>Lavanda e da Verbena Brasileira<\/strong> para trazer calma e tranquilidade no seu dia a dia.<\/p>\n<p><strong>Indica\u00e7\u00e3o de uso:<\/strong> Para quem precisa pisar um pouco no freio, desacelerar e colocar mais calma e tranquilidade no dia a dia.<\/p>\n<p><strong>Benef\u00edcios:<\/strong> <strong>Hidrolato de Lavanda:<\/strong> Ajuda a reduzir o estresse, a ansiedade e o des\u00e2nimo.<\/p>\n<p><strong>Hidrolato de Verbena Brasileira:<\/strong> Possui a\u00e7\u00e3o calmante, alivia sintomas provocados pela ansiedade. Juntos acalmam as emo\u00e7\u00f5es e restabelecem o equil\u00edbrio. Pode ser aplicado diretamente na pele, para hidratar e tonificar. Tamb\u00e9m pode ser aplicado nos ambientes para potencializar os benef\u00edcios. \u00c9 seguro para todas as idades.<\/p>\n<p><em>Este Spray n\u00e3o \u00e9 indicado para Gestantes. Ver op\u00e7\u00f5es indicadas em mam\u00e3es.\u00a0<\/em><\/p>\n<p><strong>Floral Equil\u00edbrio do Ansioso<\/strong>\u00a0(<strong>10 ml)<\/strong> \u00e9 perfeito pra equilibrar todas as energias geradas por tens\u00f5es, expectativas, ang\u00fastias. Auxilia no autocontrole e regula essas emo\u00e7\u00f5es em desequil\u00edbrio.<\/p>\n","protected":false},"excerpt":{"rendered":"<p>Esta Duplinha de Sucesso \u00e9 perfeita pra dar aquela segurada na emo\u00e7\u00e3o e aquietar os pensamentos que n\u00e3o param de chegar. Spray Aromaterap\u00eautico Calma &amp; Tranquilidade\u00a0(100ml) \u00e9 ideal para acalmar, trazer seguran\u00e7a, tranquilidade e deixar qualquer ambiente mais agrad\u00e1vel. Na Luminar, nossos Sprays Aromaterap\u00eauticos s\u00e3o feitos com hidrolatos, conhecidos como \u00e1guas florais. S\u00e3o produtos obtidos [&hellip;]<\/p>\n","protected":false},"featured_media":3509,"comment_status":"open","ping_status":"closed","template":"","meta":{"_acf_changed":false},"product_brand":[],"product_cat":[203,225,197,207],"product_tag":[],"class_list":{"0":"post-3349","1":"product","2":"type-product","3":"status-publish","4":"has-post-thumbnail","6":"product_cat-autoaceitacao","7":"product_cat-duplinhas-de-sucesso","8":"product_cat-esgotamento-mental","9":"product_cat-medos","11":"first","12":"instock","13":"sale","14":"shipping-taxable","15":"purchasable","16":"product-type-simple"},"acf":[],"_links":{"self":[{"href":"https:\/\/www.luminarterapias.com.br\/loja\/wp-json\/wp\/v2\/product\/3349","targetHints":{"allow":["GET"]}}],"collection":[{"href":"https:\/\/www.luminarterapias.com.br\/loja\/wp-json\/wp\/v2\/product"}],"about":[{"href":"https:\/\/www.luminarterapias.com.br\/loja\/wp-json\/wp\/v2\/types\/product"}],"replies":[{"embeddable":true,"href":"https:\/\/www.luminarterapias.com.br\/loja\/wp-json\/wp\/v2\/comments?post=3349"}],"wp:featuredmedia":[{"embeddable":true,"href":"https:\/\/www.luminarterapias.com.br\/loja\/wp-json\/wp\/v2\/media\/3509"}],"wp:attachment":[{"href":"https:\/\/www.luminarterapias.com.br\/loja\/wp-json\/wp\/v2\/media?parent=3349"}],"wp:term":[{"taxonomy":"product_brand","embeddable":true,"href":"https:\/\/www.luminarterapias.com.br\/loja\/wp-json\/wp\/v2\/product_brand?post=3349"},{"taxonomy":"product_cat","embeddable":true,"href":"https:\/\/www.luminarterapias.com.br\/loja\/wp-json\/wp\/v2\/product_cat?post=3349"},{"taxonomy":"product_tag","embeddable":true,"href":"https:\/\/www.luminarterapias.com.br\/loja\/wp-json\/wp\/v2\/product_tag?post=3349"}],"curies":[{"name":"wp","href":"https:\/\/api.w.org\/{rel}","templated":true}]}}