{"id":3346,"date":"2024-06-25T08:48:00","date_gmt":"2024-06-25T11:48:00","guid":{"rendered":"https:\/\/www.luminarterapias.com.br\/loja\/produto\/floral-concentracao-e-foco-10ml-floral-equilibrio-do-ansioso-10ml"},"modified":"2026-03-13T21:16:50","modified_gmt":"2026-03-14T00:16:50","slug":"floral-concentracao-e-foco-10ml-floral-equilibrio-do-ansioso-10ml","status":"publish","type":"product","link":"https:\/\/www.luminarterapias.com.br\/loja\/produto\/floral-concentracao-e-foco-10ml-floral-equilibrio-do-ansioso-10ml","title":{"rendered":"Concentra\u00e7\u00e3o e Foco Floral 10ml+ Equil\u00edbrio do Ansioso Floral 10ml"},"content":{"rendered":"<p>Essa duplinha \u00e9 incr\u00edvel para quem quer aumentar a concentra\u00e7\u00e3o, foco, aten\u00e7\u00e3o plena e diminuir a ansiedade.<br \/>\n<strong>O que tem no Kit: <\/strong><\/p>\n<p><strong>Floral Concentra\u00e7\u00e3o e Foco- 10ml e Floral Equil\u00edbrio do Ansioso 10ml.<\/strong><\/p>\n<p><strong><br \/>\n<strong>Indica\u00e7\u00e3o de uso: <\/strong><\/strong>Para as pessoas que sofrem pela ansiedade em excesso e que n\u00e3o se concentram com facilidade. Vivem com acumulando preocupa\u00e7\u00f5es e n\u00e3o focam no momento presente, nas atividades do dia a dia.<\/p>\n<p>&nbsp;<\/p>\n<p><strong>Composi\u00e7\u00e3o:\u00a0<\/strong>Assim como todos os Florais, \u00e9 composto de essenciais vibracionais de plantas, flores e minerais vibracionais e solu\u00e7\u00e3o estoque com conservante conhaque.<\/p>\n<p>&nbsp;<\/p>\n<p><strong>Saiba mais:<\/strong> https:\/\/www.luminarterapias.com.br\/florais\/terapia-floral-tudo-o-que-voce-precisa-saber<\/p>\n<p>&nbsp;<\/p>\n<p>Todos os Florais da Luminar s\u00e3o elaborados em parceria com os<em> Golfinhos Florais e Energia.\u00a0<\/em><\/p>\n<p>&nbsp;<\/p>\n<p><strong><strong><br \/>\nProduto 100% natural, vegano e artesanal. <\/strong><\/strong><\/p>\n","protected":false},"excerpt":{"rendered":"<p>Essa duplinha \u00e9 incr\u00edvel para quem quer aumentar a concentra\u00e7\u00e3o, foco, aten\u00e7\u00e3o plena e diminuir a ansiedade. O que tem no Kit: Floral Concentra\u00e7\u00e3o e Foco- 10ml e Floral Equil\u00edbrio do Ansioso 10ml. Indica\u00e7\u00e3o de uso: Para as pessoas que sofrem pela ansiedade em excesso e que n\u00e3o se concentram com facilidade. Vivem com acumulando [&hellip;]<\/p>\n","protected":false},"featured_media":3512,"comment_status":"open","ping_status":"closed","template":"","meta":{"_acf_changed":false},"product_brand":[],"product_cat":[201,225,208,223,207,224],"product_tag":[],"class_list":{"0":"post-3346","1":"product","2":"type-product","3":"status-publish","4":"has-post-thumbnail","6":"product_cat-ansiedade","7":"product_cat-duplinhas-de-sucesso","8":"product_cat-infantil","9":"product_cat-mamaes-2","10":"product_cat-medos","11":"product_cat-solucao-oral","13":"first","14":"onbackorder","15":"sale","16":"shipping-taxable","17":"purchasable","18":"product-type-simple"},"acf":[],"_links":{"self":[{"href":"https:\/\/www.luminarterapias.com.br\/loja\/wp-json\/wp\/v2\/product\/3346","targetHints":{"allow":["GET"]}}],"collection":[{"href":"https:\/\/www.luminarterapias.com.br\/loja\/wp-json\/wp\/v2\/product"}],"about":[{"href":"https:\/\/www.luminarterapias.com.br\/loja\/wp-json\/wp\/v2\/types\/product"}],"replies":[{"embeddable":true,"href":"https:\/\/www.luminarterapias.com.br\/loja\/wp-json\/wp\/v2\/comments?post=3346"}],"wp:featuredmedia":[{"embeddable":true,"href":"https:\/\/www.luminarterapias.com.br\/loja\/wp-json\/wp\/v2\/media\/3512"}],"wp:attachment":[{"href":"https:\/\/www.luminarterapias.com.br\/loja\/wp-json\/wp\/v2\/media?parent=3346"}],"wp:term":[{"taxonomy":"product_brand","embeddable":true,"href":"https:\/\/www.luminarterapias.com.br\/loja\/wp-json\/wp\/v2\/product_brand?post=3346"},{"taxonomy":"product_cat","embeddable":true,"href":"https:\/\/www.luminarterapias.com.br\/loja\/wp-json\/wp\/v2\/product_cat?post=3346"},{"taxonomy":"product_tag","embeddable":true,"href":"https:\/\/www.luminarterapias.com.br\/loja\/wp-json\/wp\/v2\/product_tag?post=3346"}],"curies":[{"name":"wp","href":"https:\/\/api.w.org\/{rel}","templated":true}]}}