{"id":3325,"date":"2024-06-25T08:47:51","date_gmt":"2024-06-25T11:47:51","guid":{"rendered":"https:\/\/www.luminarterapias.com.br\/loja\/produto\/floral-spray-equilibrio-emocional-60ml"},"modified":"2025-09-11T23:47:24","modified_gmt":"2025-09-12T02:47:24","slug":"floral-spray-equilibrio-emocional-60ml","status":"publish","type":"product","link":"https:\/\/www.luminarterapias.com.br\/loja\/produto\/floral-spray-equilibrio-emocional-60ml","title":{"rendered":"Equil\u00edbrio Emocional &#8211; Floral Spray 60ml"},"content":{"rendered":"<p>Spray Floral <strong>EQUIL\u00cdBRIO EMOCIONAL<\/strong> induz \u00e0 calma e \u00e0 serenidade ao atravessar intensos estados emocionais, \u00e0s vezes acompanhados por altera\u00e7\u00f5es de humor. Em vez de bloquear ou fugir do problema, ajuda a lidar com ele, enquanto se mant\u00e9m centrado, atento, presente e equilibrado. Organiza o caos e permite que situa\u00e7\u00f5es fortes e que gerem mudan\u00e7as fluam sem agita\u00e7\u00e3o, resist\u00eancia, rigidez ou necessidade de controle.<\/p>\n<p>&nbsp;<\/p>\n<p>Essa vibra\u00e7\u00e3o calma e amorosa dissolve a negatividade decorrente de situa\u00e7\u00f5es ca\u00f3ticas. O corpo emocional \u00e9 adequadamente harmonizado e iluminado, e dele emerge sentimentos de compreens\u00e3o, amor pela vida e autocura.<\/p>\n<p>&nbsp;<\/p>\n<p>Promove paz interior, alegria e melhor ritmo interno e externo. Ideal para pessoas tensas, nervosas, ansiosas e irrit\u00e1veis, intolerantes, impacientes e agressivas.<\/p>\n<p>Todos os Florais da Luminar foram elaborados em parceria com os Golfinhos Florais e Energia, ess\u00eancias 100%naturais, com uma poderosa egr\u00e9gora da natureza que harmoniza diferentes \u00e1reas da vida.<\/p>\n<p>&nbsp;<\/p>\n<p><strong>Modo de usar:<\/strong> Borrife em volta do corpo e nos ambientes para potencializar os benef\u00edcios. Coloque a sua real inten\u00e7\u00e3o sempre que usar o Spray.<\/p>\n<p>&nbsp;<\/p>\n<p>&nbsp;<\/p>\n<p><strong>Composi\u00e7\u00e3o:\u00a0<\/strong>Assim como todos os florais, o Spray \u00e9 composto de essenciais vibracionais de flores e plantas medicinais. Saiba mais no nosso blog: https:\/\/www.luminarterapias.com.br\/florais\/terapia-floral-tudo-o-que-voce-precisa-saber<\/p>\n<p>&nbsp;<\/p>\n<p>&nbsp;<\/p>\n<p><em>Recomendado para todas as idades.<\/em><\/p>\n","protected":false},"excerpt":{"rendered":"<p>Spray Floral EQUIL\u00cdBRIO EMOCIONAL induz \u00e0 calma e \u00e0 serenidade ao atravessar intensos estados emocionais, \u00e0s vezes acompanhados por altera\u00e7\u00f5es de humor. Em vez de bloquear ou fugir do problema, ajuda a lidar com ele, enquanto se mant\u00e9m centrado, atento, presente e equilibrado. Organiza o caos e permite que situa\u00e7\u00f5es fortes e que gerem mudan\u00e7as [&hellip;]<\/p>\n","protected":false},"featured_media":3524,"comment_status":"open","ping_status":"closed","template":"","meta":{"_acf_changed":false},"product_brand":[],"product_cat":[201,197,207,221,219],"product_tag":[],"class_list":{"0":"post-3325","1":"product","2":"type-product","3":"status-publish","4":"has-post-thumbnail","6":"product_cat-ansiedade","7":"product_cat-esgotamento-mental","8":"product_cat-medos","9":"product_cat-sprays-florais","10":"product_cat-traumas","12":"first","13":"instock","14":"sale","15":"shipping-taxable","16":"purchasable","17":"product-type-simple"},"acf":[],"_links":{"self":[{"href":"https:\/\/www.luminarterapias.com.br\/loja\/wp-json\/wp\/v2\/product\/3325","targetHints":{"allow":["GET"]}}],"collection":[{"href":"https:\/\/www.luminarterapias.com.br\/loja\/wp-json\/wp\/v2\/product"}],"about":[{"href":"https:\/\/www.luminarterapias.com.br\/loja\/wp-json\/wp\/v2\/types\/product"}],"replies":[{"embeddable":true,"href":"https:\/\/www.luminarterapias.com.br\/loja\/wp-json\/wp\/v2\/comments?post=3325"}],"wp:featuredmedia":[{"embeddable":true,"href":"https:\/\/www.luminarterapias.com.br\/loja\/wp-json\/wp\/v2\/media\/3524"}],"wp:attachment":[{"href":"https:\/\/www.luminarterapias.com.br\/loja\/wp-json\/wp\/v2\/media?parent=3325"}],"wp:term":[{"taxonomy":"product_brand","embeddable":true,"href":"https:\/\/www.luminarterapias.com.br\/loja\/wp-json\/wp\/v2\/product_brand?post=3325"},{"taxonomy":"product_cat","embeddable":true,"href":"https:\/\/www.luminarterapias.com.br\/loja\/wp-json\/wp\/v2\/product_cat?post=3325"},{"taxonomy":"product_tag","embeddable":true,"href":"https:\/\/www.luminarterapias.com.br\/loja\/wp-json\/wp\/v2\/product_tag?post=3325"}],"curies":[{"name":"wp","href":"https:\/\/api.w.org\/{rel}","templated":true}]}}