{"id":3310,"date":"2024-06-25T08:47:41","date_gmt":"2024-06-25T11:47:41","guid":{"rendered":"https:\/\/www.luminarterapias.com.br\/loja\/produto\/blend-de-oleo-essencial-chega-de-tpm-10ml"},"modified":"2025-08-27T10:37:40","modified_gmt":"2025-08-27T13:37:40","slug":"blend-de-oleo-essencial-chega-de-tpm-10ml","status":"publish","type":"product","link":"https:\/\/www.luminarterapias.com.br\/loja\/produto\/blend-de-oleo-essencial-chega-de-tpm-10ml","title":{"rendered":"Chega de TPM &#8211; Blend de \u00d3leos Essenciais para Mulheres 10ml"},"content":{"rendered":"<p><strong>Chega de TPM<\/strong> foi elaborado para aliviar os sintomas da Tens\u00e3o Pr\u00e9 Menstrual e tamb\u00e9m cuidar do humor e energia durante este per\u00edodo.<\/p>\n<p>&nbsp;<\/p>\n<p>I<strong>ndica\u00e7\u00e3o de uso<\/strong>: Blend perfeito para aqueles dias de c\u00f3lica e introspe\u00e7\u00e3o. Auxilia de forma natural a passar pelo ciclo menstrual com al\u00edvio e bem-estar.<\/p>\n<p>&nbsp;<\/p>\n<p><strong>Benef\u00edcios dos \u00d3leos essenciais:<\/strong><\/p>\n<p>&nbsp;<\/p>\n<p><strong>Ylang-Ylang:<\/strong> Possui propriedades calmantes que ajudam a reduzir o estresse eansiedade comuns durante a TPM. Facilita o equil\u00edbrio emocional e melhora o humor.<\/p>\n<p>&nbsp;<\/p>\n<p><strong>Lavanda:<\/strong> Alivia tens\u00f5es e promove relaxamento. Possui propriedades analg\u00e9sicas que reduzem dores de cabe\u00e7a e c\u00f3licas.<\/p>\n<p>&nbsp;<\/p>\n<p><strong>Camomila Romana:<\/strong> Reduz irritabilidade e \u00e9 eficaz nas dores abdominais.<\/p>\n<p>&nbsp;<\/p>\n<p>Juntos, os \u00f3leos trazem al\u00edvio e bem-estar f\u00edsico e emocional durante a TPM.<\/p>\n<p>&nbsp;<\/p>\n<p><strong>Todos os Blends da Luminar s\u00e3o elaborados com \u00f3leo vegetal carreador de coco fracionado, que tem r\u00e1pida absor\u00e7\u00e3o e \u00e9\u00a0excelente para hidratar a pele. Desta forma voc\u00ea pode aplicar nossa sinergia diretamente na pele de forma segura e eficaz.<\/strong><\/p>\n<p>&nbsp;<\/p>\n<p><strong>\u00a0Nossos Blends s\u00e3o produzidos em rollon para facilitar ainda mais esta aplica\u00e7\u00e3o.<\/strong><\/p>\n<p>&nbsp;<\/p>\n<p>Tudo 100% natural, vegano e artesanal para voc\u00ea aproveitar todos os benef\u00edcios da Aromaterapia.<\/p>\n","protected":false},"excerpt":{"rendered":"<p>Chega de TPM foi elaborado para aliviar os sintomas da Tens\u00e3o Pr\u00e9 Menstrual e tamb\u00e9m cuidar do humor e energia durante este per\u00edodo. &nbsp; Indica\u00e7\u00e3o de uso: Blend perfeito para aqueles dias de c\u00f3lica e introspe\u00e7\u00e3o. Auxilia de forma natural a passar pelo ciclo menstrual com al\u00edvio e bem-estar. &nbsp; Benef\u00edcios dos \u00d3leos essenciais: &nbsp; [&hellip;]<\/p>\n","protected":false},"featured_media":3415,"comment_status":"open","ping_status":"closed","template":"","meta":{"_acf_changed":false},"product_brand":[],"product_cat":[182,195,198,218],"product_tag":[],"class_list":{"0":"post-3310","1":"product","2":"type-product","3":"status-publish","4":"has-post-thumbnail","6":"product_cat-aromaterapia","7":"product_cat-blends","8":"product_cat-dores-fisicas","9":"product_cat-tpm","11":"first","12":"instock","13":"sale","14":"shipping-taxable","15":"purchasable","16":"product-type-simple"},"acf":[],"_links":{"self":[{"href":"https:\/\/www.luminarterapias.com.br\/loja\/wp-json\/wp\/v2\/product\/3310","targetHints":{"allow":["GET"]}}],"collection":[{"href":"https:\/\/www.luminarterapias.com.br\/loja\/wp-json\/wp\/v2\/product"}],"about":[{"href":"https:\/\/www.luminarterapias.com.br\/loja\/wp-json\/wp\/v2\/types\/product"}],"replies":[{"embeddable":true,"href":"https:\/\/www.luminarterapias.com.br\/loja\/wp-json\/wp\/v2\/comments?post=3310"}],"wp:featuredmedia":[{"embeddable":true,"href":"https:\/\/www.luminarterapias.com.br\/loja\/wp-json\/wp\/v2\/media\/3415"}],"wp:attachment":[{"href":"https:\/\/www.luminarterapias.com.br\/loja\/wp-json\/wp\/v2\/media?parent=3310"}],"wp:term":[{"taxonomy":"product_brand","embeddable":true,"href":"https:\/\/www.luminarterapias.com.br\/loja\/wp-json\/wp\/v2\/product_brand?post=3310"},{"taxonomy":"product_cat","embeddable":true,"href":"https:\/\/www.luminarterapias.com.br\/loja\/wp-json\/wp\/v2\/product_cat?post=3310"},{"taxonomy":"product_tag","embeddable":true,"href":"https:\/\/www.luminarterapias.com.br\/loja\/wp-json\/wp\/v2\/product_tag?post=3310"}],"curies":[{"name":"wp","href":"https:\/\/api.w.org\/{rel}","templated":true}]}}