{"id":3299,"date":"2024-06-25T08:47:36","date_gmt":"2024-06-25T11:47:36","guid":{"rendered":"https:\/\/www.luminarterapias.com.br\/loja\/produto\/blend-de-oleo-essencial-infantil-xo-ansiedade-10ml"},"modified":"2024-09-24T12:46:03","modified_gmt":"2024-09-24T15:46:03","slug":"blend-de-oleo-essencial-infantil-xo-ansiedade-10ml","status":"publish","type":"product","link":"https:\/\/www.luminarterapias.com.br\/loja\/produto\/blend-de-oleo-essencial-infantil-xo-ansiedade-10ml","title":{"rendered":"X\u00f4 Ansiedade &#8211; Blend de \u00d3leos Essenciais Infantil 10ml"},"content":{"rendered":"<p><strong>X\u00f4 Ansiedade <\/strong>foi elaborado pra tratar de forma natural a ansiedade das crian\u00e7as, promovendo calma, tranquilidade e seguran\u00e7a.<\/p>\n<p>&nbsp;<\/p>\n<p><strong>Indica\u00e7\u00e3o de uso:<\/strong> Para as crian\u00e7as que n\u00e3o conseguem se acalmar, est\u00e3o constantemente preocupadas, agitadas, estressadas e nervosas e para momentos de grandes mudan\u00e7as como luto, separa\u00e7\u00e3o dos pais, mudan\u00e7a de escola.<\/p>\n<p><strong>Benef\u00edcios dos \u00f3leos essenciais<\/strong>:<\/p>\n<p>&nbsp;<\/p>\n<p><strong>Lavanda<\/strong> \u00e9 um \u00f3leo essencial excelente para combater a ansiedade das crian\u00e7as e diminuir os n\u00edveis de cortisol, o horm\u00f4nio do estresse, promovendo calma e tranquilidade.<\/p>\n<p>&nbsp;<\/p>\n<p><strong>Laranja-Doce<\/strong> ajuda a relaxar, acalmar a mente e diminuir a irrita\u00e7\u00e3o.<\/p>\n<p>&nbsp;<\/p>\n<p><strong>Vetiver:<\/strong> reduz hiperatividade, tem efeito de aterramento, ajudando as crian\u00e7as a se sentirem mais seguras e est\u00e1veis, principalmente em momentos de mudan\u00e7as.<\/p>\n<p>&nbsp;<\/p>\n<p><strong>O que tem no Blend:<\/strong> \u00d3leos ess\u00eanciais 100% puros, naturais de Lavanda, Laranja-Doce e Vetiver.<\/p>\n<p>Todos os Blends da Luminar s\u00e3o elaborados com \u00f3leo vegetal carreador de coco fracionado, que tem r\u00e1pida absor\u00e7\u00e3o e \u00e9 um excelente hidratante. Desta forma voc\u00ea pode aplicar nossa sinergia diretamente na pele de forma segura e eficaz.<br \/>\nNossos Blends s\u00e2o em formato rollon para facilitar ainda mais a aplica\u00e7\u00e3o.<\/p>\n<p>Tudo natural, vegano e artesanal para as pequenas e pequenos experimentarem todos os benef\u00edcios da Aromaterapia!<\/p>\n<p>&nbsp;<\/p>\n<p><em>Cuidados: Uso externo. N\u00e3o se esque\u00e7a de preencher corretamente a idade da crian\u00e7a na hora da compra. As propor\u00e7\u00f5es de \u00f3leos essenciais variam de acordo com a faixa et\u00e1ria. N\u00e3o tome sol depois da aplica\u00e7\u00e3o. Blend Fotossens\u00edvel.<\/em><\/p>\n","protected":false},"excerpt":{"rendered":"<p>X\u00f4 Ansiedade foi elaborado pra tratar de forma natural a ansiedade das crian\u00e7as, promovendo calma, tranquilidade e seguran\u00e7a. &nbsp; Indica\u00e7\u00e3o de uso: Para as crian\u00e7as que n\u00e3o conseguem se acalmar, est\u00e3o constantemente preocupadas, agitadas, estressadas e nervosas e para momentos de grandes mudan\u00e7as como luto, separa\u00e7\u00e3o dos pais, mudan\u00e7a de escola. Benef\u00edcios dos \u00f3leos essenciais: [&hellip;]<\/p>\n","protected":false},"featured_media":3817,"comment_status":"open","ping_status":"closed","template":"","meta":{"_acf_changed":false},"product_brand":[],"product_cat":[201,182,195,208,207],"product_tag":[],"class_list":{"0":"post-3299","1":"product","2":"type-product","3":"status-publish","4":"has-post-thumbnail","6":"product_cat-ansiedade","7":"product_cat-aromaterapia","8":"product_cat-blends","9":"product_cat-infantil","10":"product_cat-medos","12":"first","13":"instock","14":"sale","15":"shipping-taxable","16":"purchasable","17":"product-type-variable"},"acf":[],"_links":{"self":[{"href":"https:\/\/www.luminarterapias.com.br\/loja\/wp-json\/wp\/v2\/product\/3299","targetHints":{"allow":["GET"]}}],"collection":[{"href":"https:\/\/www.luminarterapias.com.br\/loja\/wp-json\/wp\/v2\/product"}],"about":[{"href":"https:\/\/www.luminarterapias.com.br\/loja\/wp-json\/wp\/v2\/types\/product"}],"replies":[{"embeddable":true,"href":"https:\/\/www.luminarterapias.com.br\/loja\/wp-json\/wp\/v2\/comments?post=3299"}],"wp:featuredmedia":[{"embeddable":true,"href":"https:\/\/www.luminarterapias.com.br\/loja\/wp-json\/wp\/v2\/media\/3817"}],"wp:attachment":[{"href":"https:\/\/www.luminarterapias.com.br\/loja\/wp-json\/wp\/v2\/media?parent=3299"}],"wp:term":[{"taxonomy":"product_brand","embeddable":true,"href":"https:\/\/www.luminarterapias.com.br\/loja\/wp-json\/wp\/v2\/product_brand?post=3299"},{"taxonomy":"product_cat","embeddable":true,"href":"https:\/\/www.luminarterapias.com.br\/loja\/wp-json\/wp\/v2\/product_cat?post=3299"},{"taxonomy":"product_tag","embeddable":true,"href":"https:\/\/www.luminarterapias.com.br\/loja\/wp-json\/wp\/v2\/product_tag?post=3299"}],"curies":[{"name":"wp","href":"https:\/\/api.w.org\/{rel}","templated":true}]}}